ime factors of (-21)/(-7) - (-97 + w)?
3, 11
Let i(w) = 14*w - 31. Let f be i(8). Let z = f + -78. Suppose 110 = z*s - 10. List the prime factors of s.
2, 5
Suppose 3*s = s + 7*s. Suppose 4*l + s*l - 1420 = 0. Suppose 4*a - 233 = -3*u + 3*a, 5*u = 5*a + l. List the prime factors of u.
2, 19
Suppose -i + 1765 + 1764 = 2*o, 5*o - 8817 = 3*i. Suppose -7*s - 21*s = -o. What are the prime factors of s?
3, 7
Suppose -2*l - 4*l + 138 = 0. Suppose -18*r = -l*r + 15. Let c(m) = 15*m - 5. What are the prime factors of c(r)?
2, 5
Suppose 55*r - 54*r = 2*w + 4065, w = 3. What are the prime factors of r?
3, 23, 59
Let s(r) = r**3 - 2*r**2 + r - 3. Let f be s(-4). Suppose -6*i = -455 - 1069. Let g = i + f. List the prime factors of g.
151
Let m = -615 - -1660. Suppose -m = 18*t - 23*t. What are the prime factors of t?
11, 19
Let d(s) = 11*s**3 + s**2 - s + 1. Let f be d(1). Let i(c) = c**2 - 6*c - 9. Let b be i(f). Suppose -h + 2*h - b = 0. List the prime factors of h.
3, 7
Let n(j) = -11*j**3 - 16*j**2 + 15*j + 10. Let s(i) = 30*i - 8*i**2 - 23*i + 4 - 5*i**3 + 5 - 4. Let u(x) = -6*n(x) + 13*s(x). List the prime factors of u(8).
13
Let h(k) = -13*k + 7. Let r be h(-1). Let m(o) = 3*o**2 - 44*o + 37. List the prime factors of m(r).
3, 7, 17
Let u(b) = 88*b - 547. Let k be u(6). Suppose 0 = -x - 4*c + 21, 135 = x + 4*x + 5*c. Let m = k + x. List the prime factors of m.
2, 5
Suppose -r - 2480 = -3027. What are the prime factors of r?
547
Suppose -13 = 5*c - 28. Suppose -c*y = -2*w - 170, -w - 68 = -2*y + 44. Let o = y - 32. List the prime factors of o.
2, 11
Suppose 4 + 22 = 13*z. Suppose -6*q + 54 = -2*q + 2*p, z*q + 2*p - 22 = 0. List the prime factors of ((-996)/q - -4)*-4.
233
Let u = -36 + 139. What are the prime factors of u*(-2)/4*-2?
103
Let o be 85/(-3) + 195/(-117). What are the prime factors of (o/(-75))/(1/(-10)) - -827?
823
Let y(o) = 16*o - 75 + 27 + 28 + 19. Let h be y(4). Suppose h = u + 22. List the prime factors of u.
41
Suppose -68*b + 10*b + 1085931 = 192731. What are the prime factors of b?
2, 5, 7, 11
What are the prime factors of (-96302)/(-13) + 17*30/3315?
2, 463
Let v(w) = 23*w**3 + 7 + 6*w - 16*w**3 + w**2 - 2*w**2 + 0*w**2. What are the prime factors of v(3)?
5, 41
List the prime factors of (35 + 2556/(-72))/(2/52424*-1).
2, 6553
Suppose 3*u + 108 = -3*a, -4*u - 2 - 109 = 3*a. Let b = a + 35. Suppose -b*p - 6 = 0, -5*p = -2*y + y + 61. List the prime factors of y.
2, 23
Let a = 78 - 87. Let z be 60/(2 - 5/2). Let u = a - z. What are the prime factors of u?
3, 37
Suppose 339*r = 334*r. Suppose 0 = -16*t + 13*t - 9, r = -w + t + 1789. What are the prime factors of w?
2, 19, 47
Let r = 44977 + -30594. What are the prime factors of r?
19, 757
Let p = -9172 + 22850. List the prime factors of p.
2, 7, 977
Let f(v) = -4*v - 19. Let r = 54 - 60. Let n be f(r). Suppose c - 7 - 78 = n*p, 0 = 3*c + 3*p - 201. What are the prime factors of c?
2, 5, 7
Suppose x + 4*n = -n + 2173, -2*x - 2*n = -4306. List the prime factors of x.
2, 3, 179
Suppose c + d = 6*d + 10, 4*c - d = 59. Suppose -6 + c = -3*z. What are the prime factors of 189/6*(z - 5/(-1))?
3, 7
Let t be -3 - 96/(-15) - 3/(-5). Suppose -2*r - b = 2*r - 3093, -t*r = 2*b - 3094. What are the prime factors of r?
773
What are the prime factors of (18 - -5136) + -2 + 6?
2, 2579
Suppose a + 1600 = -5*b, -2*a - 965 - 630 = 5*b. What are the prime factors of (-8408)/(-6) - (-428)/b?
2, 5, 7
Suppose 0 = -270*v - 2696719 + 8512519. List the prime factors of v.
2, 3, 5, 359
Suppose -3*s + 39837 = l, -6*l = -l + 5*s - 199135. What are the prime factors of l?
2, 3, 6637
Let k(m) = 32*m**2 - 12*m + 7. Let i be k(3). Let v = 456 - i. What are the prime factors of v?
197
Let m(c) = 2*c**2 - c + 2. Let k be m(0). Let b be (-2)/(k/8 + (-3)/4). Suppose -2*a - 109 = 4*g - 555, -411 = -b*g + 5*a. List the prime factors of g.
109
Let u = 15296 + -13711. What are the prime factors of u?
5, 317
Let u(a) = -276 + 3340*a + 3437*a - 6685*a. What are the prime factors of u(15)?
2, 3, 23
Suppose 1558 = i - 5*u, 5*i + 3*u = 4*i + 1590. Suppose 85*b + i = 88*b. List the prime factors of b.
2, 263
Let y be (3*7/(-7))/(1*-1). Suppose -4*g = g + y*a - 1248, 2*a = -8. What are the prime factors of g?
2, 3, 7
Let n(v) = 9*v**2 + 20*v + 7. Let d be n(-8). Suppose -2838 = -5*f - d. What are the prime factors of f?
3, 7, 23
Suppose n + 32 = -n. Let p = -2 - n. Let h(o) = o**3 - 12*o**2 - 23*o + 12. What are the prime factors of h(p)?
2, 41
Suppose -31 = 12*z - 139. Suppose -z*g + 20 = -4*g. Suppose 0 = -g*c + 3*s + 650, -807 = -5*c + 3*s - 2*s. What are the prime factors of c?
7, 23
Let l = 44 - -9. Let j be (3 + 4 + 1)*l. Suppose -9*t + t + j = 0. What are the prime factors of t?
53
Suppose -455*f + 446*f + 27 = 0. Let u(j) = j**2 - j + 5. Let d be u(0). Suppose 2*n + f - 38 = -r, -2*r + d*n = -61. List the prime factors of r.
3, 11
Let k(r) = 46*r**2 - 4*r - 4. Let g be k(-2). Let z(f) = 3*f**2 - 17*f - 17. Let v be z(14). Let p = v - g. What are the prime factors of p?
5, 29
Let l(r) = r**2 + 5*r - 51. Suppose -2*g - 2*m + 51 - 37 = 0, 0 = -g + 5*m + 25. List the prime factors of l(g).
3, 11
Suppose 22*z - 31496 = 753706. List the prime factors of z.
3, 11897
Let d = 10719 + -7559. List the prime factors of d.
2, 5, 79
Let u = 333 - 332. What are the prime factors of (-2)/6 - (u - 13610/15)?
2, 3, 151
Let o = 1608 + 417. Suppose -34*g + 19*g = -o. What are the prime factors of g?
3, 5
Suppose 6*o - 4479 = 1539. Suppose 0 = 3*a, -2*w + a - 251 = -o. List the prime factors of w.
2, 47
Suppose -10*d - 107 = -127. Suppose d*f + i = 836, 13*i + 2090 = 5*f + 10*i. List the prime factors of f.
2, 11, 19
What are the prime factors of (109/4)/((-388)/(-26384))?
17, 109
Suppose 28*w - 15 = 23*w. Suppose 3*z = 4*t - 13, -4*z = -0*z - w*t + 8. List the prime factors of 1 + z + 196 - 1.
197
Suppose -2*h + u + 0*u = -2259, 3*h = -3*u + 3393. Let q be h/(-15) + (-1)/(-3). What are the prime factors of (-1 + (-8)/(-12))*q?
5
Suppose 4*i + 5*x + 124 = -48, 3*i = -2*x - 136. Let o be 101*(3/3)/1. Let p = i + o. What are the prime factors of p?
53
Suppose -13*z - 11594 = -g, -3*z = -5*g + 29138 + 28460. What are the prime factors of g?
2, 2879
Suppose 10*k = 4*l + 13*k - 19427, -9 = 3*k. List the prime factors of l.
43, 113
Suppose r + r + 674 = 0. Let a = 733 + r. List the prime factors of a.
2, 3, 11
Let t(m) = -25*m**3 - 3*m**2 + 255*m + 2618. List the prime factors of t(-10).
2, 3, 43
What are the prime factors of 1529668/49 - (-56)/196?
2, 3, 11, 43
Let n = 3446 + 1049. Suppose 2*m - 1515 = -5*y, 5*m + 736 = -3*y + n. Suppose -15 = 5*t - 8*t, 5*t = -5*s + m. What are the prime factors of s?
5, 29
Suppose 0 = 11*k - 100 + 1. Suppose k*c + 4*c - 845 = 0. List the prime factors of c.
5, 13
Let v = 16315 - 9746. What are the prime factors of v?
6569
Let q = 25503 - 13721. List the prime factors of q.
2, 43, 137
List the prime factors of (-146)/(11/((-66)/36) + (-2128)/(-355)).
5, 71, 73
Let o = -12451 - -14250. What are the prime factors of o?
7, 257
Let q(s) = -s + 23. Let n be q(18). Suppose -3*t = -5*w + 2739, 0 = w + w - n*t - 1088. What are the prime factors of w?
3, 61
Suppose 3*a + 2*a - 704 = -4*m, -5*m + 5 = 0. Let v be (-8 - -220)*(-10)/(-8). Let f = v - a. What are the prime factors of f?
5
Let j be 224/(-16)*(-22)/1. Suppose 2*p = -5*d + 667 + j, 4*p = -5*d + 985. List the prime factors of d.
193
Suppose -3*q - o = -2*q - 1999, -6001 = -3*q - 4*o. List the prime factors of q.
3, 5, 7, 19
Let w = -3878 - -2255. Let o = 2275 + w. List the prime factors of o.
2, 163
Suppose -44*y = -46*y - 4. Let k(c) = 2*c - 4*c**3 - 8*c**3 - 4*c - 4*c**2. List the prime factors of k(y).
2, 3, 7
Let i be 40/(-5) + 8649/9. Let v = -656 + i. List the prime factors of v.
3, 11
Let m be -4 - (-2 - -1) - 1. Let n = m + 9. Suppose -183 = -n*t + 247. List the prime factors of t.
2, 43
Let a be 2/(2/(-8) - (-11)/12). Suppose -4*s - 4*v - 13 = -33, -a*v - 3 = -3*s. List the prime factors of (s + (-45)/10)*-130.
3, 5, 13
Let o be 4*26/(-1)*-13. Let g = o + -423. What are the prime factors of g?
929
Let h be -2 + 2 + (-1 - -3) + 67. What are the prime factors of (h/(-5))/((-16)/160)?
2, 3, 23
Let p = 422 + -1051. Let w = 965 + p. Suppose 4*k - 4*i = w 